{"id":53,"date":"2014-09-18T23:44:26","date_gmt":"2014-09-18T21:44:26","guid":{"rendered":"http:\/\/www.conserto.de\/_CO\/wp\/?page_id=53"},"modified":"2024-09-10T21:17:20","modified_gmt":"2024-09-10T19:17:20","slug":"unser-team","status":"publish","type":"page","link":"http:\/\/www.conserto.de\/_CO\/wp\/?page_id=53","title":{"rendered":"Unser Team"},"content":{"rendered":"<h2>Selbstverst\u00e4ndnis<\/h2>\n<p>Wir steigen bei Ihnen inhaltlich und ganz hands-on in den Ring. Distanzierte Theoretiker, die sich auf Methodik und Begleiterrolle zur\u00fcckziehen, werden sie bei uns nicht finden. Schlie\u00dflich wollen wir Ihnen bei der ganz konkreten L\u00f6sung ganz konkreter Fragen helfen.<\/p>\n<p>Unternehmensberatung und Coaching ist im Kern personengetrieben: Kompetenz und Engagement des einzelnen Beraters ist der wesentlichste Erfolgsfaktor.<\/p>\n<p>Jeder unserer Berater verf\u00fcgt daher \u00fcber qualifizierte akademische Abschl\u00fcsse und langj\u00e4hrige Erfahrungen sowohl aus der Unternehmenspraxis als auch aus der Arbeit f\u00fcr renommierte Beratungsh\u00e4user. Wir sind der \u00dcberzeugung, dass nur jemand, der neben hoher fachlicher Kompetenz bereits vieles gesehen hat, ad\u00e4quate und situationsgerechte Hilfen und Antworten geben kann.<\/p>\n<p>Den smarten Jungberater suchen Sie bei uns also vergeblich. Ebenso den rein akquisitorisch wirkenden Seniorpartner, der im Projekt dann kaum auftaucht. Uns verbindet vielmehr die Liebe zu unserer Arbeit. Weshalb wir gro\u00dfen Wert darauf legen, dass jeder von uns so viel wie m\u00f6glich &#8222;hautnah&#8220; operativ in den Projekten arbeitet.<\/p>\n<h2><strong>Einige Keyplayer<\/strong><\/h2>\n<p><strong>Dipl.-Wirtsch.-Ing. und Existenzanalyst Ulrich Rode<\/strong><strong> \u00a0\u00a0 \u00a0\u00a0\u00a0\u00a0\u00a0\u00a0\u00a0\u00a0\u00a0\u00a0 \u00a0\u00a0 <a href=\"http:\/\/www.conserto.de\/_CO\/wp\/wp-content\/uploads\/2024\/09\/UR-Portrait-2021-1.jpg\"><img decoding=\"async\" loading=\"lazy\" class=\"alignnone  wp-image-357\" src=\"http:\/\/www.conserto.de\/_CO\/wp\/wp-content\/uploads\/2024\/09\/UR-Portrait-2021-1.jpg\" alt=\"\" width=\"174\" height=\"219\" srcset=\"http:\/\/www.conserto.de\/_CO\/wp\/wp-content\/uploads\/2024\/09\/UR-Portrait-2021-1.jpg 1200w, http:\/\/www.conserto.de\/_CO\/wp\/wp-content\/uploads\/2024\/09\/UR-Portrait-2021-1-238x300.jpg 238w, http:\/\/www.conserto.de\/_CO\/wp\/wp-content\/uploads\/2024\/09\/UR-Portrait-2021-1-813x1024.jpg 813w, http:\/\/www.conserto.de\/_CO\/wp\/wp-content\/uploads\/2024\/09\/UR-Portrait-2021-1-768x968.jpg 768w, http:\/\/www.conserto.de\/_CO\/wp\/wp-content\/uploads\/2024\/09\/UR-Portrait-2021-1-624x786.jpg 624w\" sizes=\"(max-width: 174px) 100vw, 174px\" \/><\/a><\/strong><\/p>\n<p>Bereits w\u00e4hrend seines Studiums arbeitete Herr Rode f\u00fcr eine Systemanalyse-Firma, die Uni Hamburg, einen mittelst\u00e4ndischen Anlagenhersteller und in Kanada f\u00fcr ein Holzbauunternehmen. Seinen beruflichen Weg begann er als Vorstandsassistent im Bertelsmann-Konzern. Danach wechselte er in die professionelle Managementberatung &#8211; zu Horvath in Stuttgart. Dort war er als Leitender Berater mit den Themenschwerpunkten integrierte Unternehmenssteuerung inkl. zugeh\u00f6riger IT-Werkzeuge, Strategieumsetzung, Reorganisation, Prozessoptimierung und Projektmanagement t\u00e4tig. 2001 gr\u00fcndete er dann die CONSERTO, deren Gesch\u00e4ftsf\u00fchrer er bis heute ist. Neben dem Industriegesch\u00e4ft hatte er schon immer einen Faible f\u00fcr \u00f6ffentliche, partizipative und gemeinwohlorientierte Organisationen. Ein Bereich, in dem er sich in den letzten Jahren auch zunehmend leitungsseitig engagiert. Seinen zun\u00e4chst technisch-kaufm\u00e4nnischen Blickwinkel erweiterte er im Laufe der Jahre um existenzanalytische sinn- und wertzentrierte Ans\u00e4tze. Und in seiner Freizeit widmet er sich den (bevorzugt langen) Rennradstrecken und dem Triathlon, ist begeisterter T\u00e4nzer, Motorradtourer sowie Philosophie- und Geschichtsfan.<\/p>\n<p><strong>Dipl.-Wirtsch.-Informatiker und Dipl.-Kfm Attila Molnar\u00a0\u00a0\u00a0\u00a0\u00a0\u00a0\u00a0\u00a0 \u00a0\u00a0\u00a0 <a href=\"http:\/\/www.conserto.de\/_CO\/wp\/wp-content\/uploads\/2014\/09\/image018.jpg\"><img decoding=\"async\" loading=\"lazy\" class=\"alignnone wp-image-58\" src=\"http:\/\/www.conserto.de\/_CO\/wp\/wp-content\/uploads\/2014\/09\/image018-261x300.jpg\" alt=\"image018\" width=\"174\" height=\"200\" srcset=\"http:\/\/www.conserto.de\/_CO\/wp\/wp-content\/uploads\/2014\/09\/image018-261x300.jpg 261w, http:\/\/www.conserto.de\/_CO\/wp\/wp-content\/uploads\/2014\/09\/image018.jpg 324w\" sizes=\"(max-width: 174px) 100vw, 174px\" \/><\/a><\/strong><\/p>\n<p>Nach seinem wirtschaftswissenschaftlichen Studium und folgenden Aufbaustudium zum Wirtschaftsinformatiker war Herr Molnar zun\u00e4chst lange Jahre in verschiedenen Firmen besch\u00e4ftigt, meist im IT- und Controllingbereich. Anfangs als Projektleiter, sp\u00e4ter als kaufm\u00e4nnischer Leiter und Gesch\u00e4ftsf\u00fchrer. Er wechselte danach zur Unternehmensberatung Horvath, wo er mehrere Jahre Direktor der Horv\u00e1th &amp; Partner Business Informatics GmbH war. 1998 machte er sich selbstst\u00e4ndig und gr\u00fcndete die CONTROLLIGENT Business Informatics GmbH, wo sich Herr Molnar mit seinem Team im Schwerpunkt mit Managementinformations-, Controlling- und OLAP-Systemen besch\u00e4ftigt. Von Anfang an war die CONTROLLIGENT eng mit der CONSERTO verbunden, ist sozusagen ihr Schwesterunternehmen. Herr Molnar selbst verbindet in seltener Weise tiefgehende betriebswirtschaftliche Kenntnisse mit Top-IT-Know-how. In seiner Freizeit stehen f\u00fcr den ehemals herausragenden Kugelsto\u00dfer seine Familie mit ihren vier Kindern &#8211; und zunehmend auch Enkeln &#8211; im Mittelpunkt.<\/p>\n<p><strong>Dipl.-Kaufmann Prof. Dr. Andreas Weigand\u00a0\u00a0\u00a0\u00a0\u00a0\u00a0\u00a0\u00a0\u00a0<\/strong><strong>\u00a0\u00a0\u00a0\u00a0\u00a0\u00a0\u00a0\u00a0\u00a0\u00a0\u00a0 \u00a0\u00a0\u00a0\u00a0\u00a0\u00a0\u00a0\u00a0\u00a0\u00a0 \u00a0 <a href=\"http:\/\/www.conserto.de\/_CO\/wp\/wp-content\/uploads\/2014\/09\/image022.jpg\"><img decoding=\"async\" loading=\"lazy\" class=\"alignnone wp-image-59\" src=\"http:\/\/www.conserto.de\/_CO\/wp\/wp-content\/uploads\/2014\/09\/image022-225x300.jpg\" alt=\"image022\" width=\"189\" height=\"252\" srcset=\"http:\/\/www.conserto.de\/_CO\/wp\/wp-content\/uploads\/2014\/09\/image022-225x300.jpg 225w, http:\/\/www.conserto.de\/_CO\/wp\/wp-content\/uploads\/2014\/09\/image022.jpg 600w\" sizes=\"(max-width: 189px) 100vw, 189px\" \/><\/a><\/strong><\/p>\n<p>Nach seinem Betriebswirtschaftsstudium war Herr Weigand zun\u00e4chst im Controlling und Vertrieb der CONTINENTAL AG t\u00e4tig. Danach wechselte er in die Managementberatung, war u.a. bei Horvath &amp; Partner mehrere Jahre Leiter eines Kompetenz-Centers. In diese Zeit f\u00e4llt auch seine berufsbegleitende Promotion zum Dr.rer.pol. Seit 1999 selbst\u00e4ndig, \u00fcbernahm er 2004 eine Management-Professur an der Hochschule Wismar. Er ist der CONSERTO freundschaftlich und t\u00e4tig verbunden. Seine Kernkompetenzen sind Prozess- und Performance-Verbesserung, F\u00fchrung, pers\u00f6nliche Produktivit\u00e4t und Selbstmanagement. Privat steht auch f\u00fcr ihn seine Familie im Mittelpunkt. Entspannung und Genuss findet er in seiner n\u00f6rdlichen Wahlheimat bei Rock- und Jazzkonzerten, dem Strandleben und den vielf\u00e4ltigen Kulturevents von Hamburg bis L\u00fcbeck.<\/p>\n","protected":false},"excerpt":{"rendered":"<p>Selbstverst\u00e4ndnis Wir steigen bei Ihnen inhaltlich und ganz hands-on in den Ring. Distanzierte Theoretiker, die sich auf Methodik und Begleiterrolle zur\u00fcckziehen, werden sie bei uns nicht finden. Schlie\u00dflich wollen wir Ihnen bei der ganz konkreten L\u00f6sung ganz konkreter Fragen helfen. Unternehmensberatung und Coaching ist im Kern personengetrieben: Kompetenz und Engagement des einzelnen Beraters ist der [&hellip;]<\/p>\n","protected":false},"author":1,"featured_media":0,"parent":0,"menu_order":0,"comment_status":"closed","ping_status":"closed","template":"","meta":[],"_links":{"self":[{"href":"http:\/\/www.conserto.de\/_CO\/wp\/index.php?rest_route=\/wp\/v2\/pages\/53"}],"collection":[{"href":"http:\/\/www.conserto.de\/_CO\/wp\/index.php?rest_route=\/wp\/v2\/pages"}],"about":[{"href":"http:\/\/www.conserto.de\/_CO\/wp\/index.php?rest_route=\/wp\/v2\/types\/page"}],"author":[{"embeddable":true,"href":"http:\/\/www.conserto.de\/_CO\/wp\/index.php?rest_route=\/wp\/v2\/users\/1"}],"replies":[{"embeddable":true,"href":"http:\/\/www.conserto.de\/_CO\/wp\/index.php?rest_route=%2Fwp%2Fv2%2Fcomments&post=53"}],"version-history":[{"count":18,"href":"http:\/\/www.conserto.de\/_CO\/wp\/index.php?rest_route=\/wp\/v2\/pages\/53\/revisions"}],"predecessor-version":[{"id":365,"href":"http:\/\/www.conserto.de\/_CO\/wp\/index.php?rest_route=\/wp\/v2\/pages\/53\/revisions\/365"}],"wp:attachment":[{"href":"http:\/\/www.conserto.de\/_CO\/wp\/index.php?rest_route=%2Fwp%2Fv2%2Fmedia&parent=53"}],"curies":[{"name":"wp","href":"https:\/\/api.w.org\/{rel}","templated":true}]}}

<h2>Selbstverständnis</h2>
<p>Wir steigen bei Ihnen inhaltlich und ganz hands-on in den Ring. Distanzierte Theoretiker, die sich auf Methodik und Begleiterrolle zurückziehen, werden sie bei uns nicht finden. Schließlich wollen wir Ihnen bei der ganz konkreten Lösung ganz konkreter Fragen helfen.</p>
<p>Unternehmensberatung und Coaching ist im Kern personengetrieben: Kompetenz und Engagement des einzelnen Beraters ist der wesentlichste Erfolgsfaktor.</p>
<p>Jeder unserer Berater verfügt daher über qualifizierte akademische Abschlüsse und langjährige Erfahrungen sowohl aus der Unternehmenspraxis als auch aus der Arbeit für renommierte Beratungshäuser. Wir sind der Überzeugung, dass nur jemand, der neben hoher fachlicher Kompetenz bereits vieles gesehen hat, adäquate und situationsgerechte Hilfen und Antworten geben kann.</p>
<p>Den smarten Jungberater suchen Sie bei uns also vergeblich. Ebenso den rein akquisitorisch wirkenden Seniorpartner, der im Projekt dann kaum auftaucht. Uns verbindet vielmehr die Liebe zu unserer Arbeit. Weshalb wir großen Wert darauf legen, dass jeder von uns so viel wie möglich &#8222;hautnah&#8220; operativ in den Projekten arbeitet.</p>
<h2><strong>Einige Keyplayer</strong></h2>
<p><strong>Dipl.-Wirtsch.-Ing. und Existenzanalyst Ulrich Rode</strong><strong>                  <a href="http://www.conserto.de/_CO/wp/wp-content/uploads/2024/09/UR-Portrait-2021-1.jpg"><img decoding="async" loading="lazy" class="alignnone  wp-image-357" src="http://www.conserto.de/_CO/wp/wp-content/uploads/2024/09/UR-Portrait-2021-1.jpg" alt="" width="174" height="219" srcset="http://www.conserto.de/_CO/wp/wp-content/uploads/2024/09/UR-Portrait-2021-1.jpg 1200w, http://www.conserto.de/_CO/wp/wp-content/uploads/2024/09/UR-Portrait-2021-1-238x300.jpg 238w, http://www.conserto.de/_CO/wp/wp-content/uploads/2024/09/UR-Portrait-2021-1-813x1024.jpg 813w, http://www.conserto.de/_CO/wp/wp-content/uploads/2024/09/UR-Portrait-2021-1-768x968.jpg 768w, http://www.conserto.de/_CO/wp/wp-content/uploads/2024/09/UR-Portrait-2021-1-624x786.jpg 624w" sizes="(max-width: 174px) 100vw, 174px" /></a></strong></p>
<p>Bereits während seines Studiums arbeitete Herr Rode für eine Systemanalyse-Firma, die Uni Hamburg, einen mittelständischen Anlagenhersteller und in Kanada für ein Holzbauunternehmen. Seinen beruflichen Weg begann er als Vorstandsassistent im Bertelsmann-Konzern. Danach wechselte er in die professionelle Managementberatung &#8211; zu Horvath in Stuttgart. Dort war er als Leitender Berater mit den Themenschwerpunkten integrierte Unternehmenssteuerung inkl. zugehöriger IT-Werkzeuge, Strategieumsetzung, Reorganisation, Prozessoptimierung und Projektmanagement tätig. 2001 gründete er dann die CONSERTO, deren Geschäftsführer er bis heute ist. Neben dem Industriegeschäft hatte er schon immer einen Faible für öffentliche, partizipative und gemeinwohlorientierte Organisationen. Ein Bereich, in dem er sich in den letzten Jahren auch zunehmend leitungsseitig engagiert. Seinen zunächst technisch-kaufmännischen Blickwinkel erweiterte er im Laufe der Jahre um existenzanalytische sinn- und wertzentrierte Ansätze. Und in seiner Freizeit widmet er sich den (bevorzugt langen) Rennradstrecken und dem Triathlon, ist begeisterter Tänzer, Motorradtourer sowie Philosophie- und Geschichtsfan.</p>
<p><strong>Dipl.-Wirtsch.-Informatiker und Dipl.-Kfm Attila Molnar             <a href="http://www.conserto.de/_CO/wp/wp-content/uploads/2014/09/image018.jpg"><img decoding="async" loading="lazy" class="alignnone wp-image-58" src="http://www.conserto.de/_CO/wp/wp-content/uploads/2014/09/image018-261x300.jpg" alt="image018" width="174" height="200" srcset="http://www.conserto.de/_CO/wp/wp-content/uploads/2014/09/image018-261x300.jpg 261w, http://www.conserto.de/_CO/wp/wp-content/uploads/2014/09/image018.jpg 324w" sizes="(max-width: 174px) 100vw, 174px" /></a></strong></p>
<p>Nach seinem wirtschaftswissenschaftlichen Studium und folgenden Aufbaustudium zum Wirtschaftsinformatiker war Herr Molnar zunächst lange Jahre in verschiedenen Firmen beschäftigt, meist im IT- und Controllingbereich. Anfangs als Projektleiter, später als kaufmännischer Leiter und Geschäftsführer. Er wechselte danach zur Unternehmensberatung Horvath, wo er mehrere Jahre Direktor der Horváth &amp; Partner Business Informatics GmbH war. 1998 machte er sich selbstständig und gründete die CONTROLLIGENT Business Informatics GmbH, wo sich Herr Molnar mit seinem Team im Schwerpunkt mit Managementinformations-, Controlling- und OLAP-Systemen beschäftigt. Von Anfang an war die CONTROLLIGENT eng mit der CONSERTO verbunden, ist sozusagen ihr Schwesterunternehmen. Herr Molnar selbst verbindet in seltener Weise tiefgehende betriebswirtschaftliche Kenntnisse mit Top-IT-Know-how. In seiner Freizeit stehen für den ehemals herausragenden Kugelstoßer seine Familie mit ihren vier Kindern &#8211; und zunehmend auch Enkeln &#8211; im Mittelpunkt.</p>
<p><strong>Dipl.-Kaufmann Prof. Dr. Andreas Weigand         </strong><strong>                         <a href="http://www.conserto.de/_CO/wp/wp-content/uploads/2014/09/image022.jpg"><img decoding="async" loading="lazy" class="alignnone wp-image-59" src="http://www.conserto.de/_CO/wp/wp-content/uploads/2014/09/image022-225x300.jpg" alt="image022" width="189" height="252" srcset="http://www.conserto.de/_CO/wp/wp-content/uploads/2014/09/image022-225x300.jpg 225w, http://www.conserto.de/_CO/wp/wp-content/uploads/2014/09/image022.jpg 600w" sizes="(max-width: 189px) 100vw, 189px" /></a></strong></p>
<p>Nach seinem Betriebswirtschaftsstudium war Herr Weigand zunächst im Controlling und Vertrieb der CONTINENTAL AG tätig. Danach wechselte er in die Managementberatung, war u.a. bei Horvath &amp; Partner mehrere Jahre Leiter eines Kompetenz-Centers. In diese Zeit fällt auch seine berufsbegleitende Promotion zum Dr.rer.pol. Seit 1999 selbständig, übernahm er 2004 eine Management-Professur an der Hochschule Wismar. Er ist der CONSERTO freundschaftlich und tätig verbunden. Seine Kernkompetenzen sind Prozess- und Performance-Verbesserung, Führung, persönliche Produktivität und Selbstmanagement. Privat steht auch für ihn seine Familie im Mittelpunkt. Entspannung und Genuss findet er in seiner nördlichen Wahlheimat bei Rock- und Jazzkonzerten, dem Strandleben und den vielfältigen Kulturevents von Hamburg bis Lübeck.</p>

<p>Selbstverständnis Wir steigen bei Ihnen inhaltlich und ganz hands-on in den Ring. Distanzierte Theoretiker, die sich auf Methodik und Begleiterrolle zurückziehen, werden sie bei uns nicht finden. Schließlich wollen wir Ihnen bei der ganz konkreten Lösung ganz konkreter Fragen helfen. Unternehmensberatung und Coaching ist im Kern personengetrieben: Kompetenz und Engagement des einzelnen Beraters ist der [&hellip;]</p>
